 + 922. What is the units digit of t?
2
Suppose -3 = -b, 2*b = 5*a - 33066 - 5783. What is the thousands digit of a?
7
Suppose 11 = 3*r - 4*o, -8*o = -5*r - 4*o + 21. Suppose 5*f = -4*l + 4041, -2422 = 5*f - 8*f - r*l. What is the units digit of f?
9
Let a(g) = 1151*g + 173. What is the tens digit of a(6)?
7
Let f(d) = 2*d**3 + 85*d**2 - 7*d + 69. What is the thousands digit of f(-39)?
0
Suppose 7*c = 4*c - 99. Let h = 37 + c. What is the hundreds digit of (366/4)/(2/h)?
1
Let n(v) be the third derivative of 13*v**5/60 - v**4/6 - 2*v**3/3 + 15*v**2. Let h be n(4). Suppose 88 + h = 3*l. What is the tens digit of l?
9
Suppose -j + 18 = 3*v, j - 10 = -2*v + 6. What is the hundreds digit of 143 - ((-9)/(-3) - j/2)?
1
Let f(h) be the second derivative of -h**4/4 + h**3/6 + 339*h**2/2 + 2*h + 62. What is the units digit of f(0)?
9
Let f = -119 - -144. Suppose -f*x = -35*x + 1080. What is the units digit of x?
8
Let n = 19 - -28. Suppose n + 113 = 4*b. Suppose 0*r + b = 5*r. What is the units digit of r?
8
Let m(y) = -18*y + 110. Let v be ((-12)/(-8) + -1)*-24. What is the tens digit of m(v)?
2
Let a = -25354 - -49289. What is the hundreds digit of a?
9
Let l(k) = 2744*k - 317. What is the ten thousands digit of l(14)?
3
Let k(u) = -u**3 - 4*u**2 + 12*u + 48. Let l be k(-9). Suppose 0 = -4*c + 403 + 413. Let t = l - c. What is the units digit of t?
1
Suppose 2*i - 3*u - 2 - 9 = 0, 5*u = 15. What is the units digit of 35577/18 + i/(-4)?
4
Let q = 34205 + 7260. What is the hundreds digit of q?
4
Let w(r) = 1093*r**3. Let j(m) = -3*m + 14. Let d be j(5). Let a be w(d). What is the units digit of a/(-15) - (-6)/45?
3
Suppose -18*u + 279 = -531. Suppose -43*m + u*m = 882. What is the tens digit of m?
4
Let a = -148 - -161. Suppose 0 = a*u - 36*u + 14743. What is the tens digit of u?
4
Let d(q) = 1086*q + 6945. What is the units digit of d(-4)?
1
Let x(y) = 4*y**2 + 16*y - 5. Let w = 1 - 9. What is the units digit of x(w)?
3
Suppose 33*f + 7885 = 28*f. Let i = -1124 - f. What is the units digit of i?
3
Suppose 5*f - 15 = -0. Let l be 4800/6 - f - -3. Suppose -l = -4*i - 4*i. What is the units digit of i?
0
What is the hundreds digit of ((352560/(-32))/(-13))/((-6)/(-28))?
9
Suppose 0 = 18*c - 102767 - 33745. What is the tens digit of c?
8
Suppose -154*k + 295129 = -1262544 - 379801. What is the ten thousands digit of k?
1
Let d(r) = -111*r**3 - 2*r - 1. Let y be (-1)/4 - (-39)/12. Let t be 2/y - (-20)/(-12). What is the tens digit of d(t)?
1
Let h(a) = 2*a**2 - 3*a - 688. What is the units digit of h(-46)?
2
Suppose -s + 406*d - 405*d + 11221 = 0, 33649 = 3*s + 4*d. What is the units digit of s?
9
Let r be 46 - -7 - -4*1/(-2). Let f(x) = -11 + 0*x - r + 11 - 4*x. What is the units digit of f(-22)?
7
Let q be (-4)/(-1) - (-3)/(-9)*12. Let w be (q + -3)/((-11)/44). Suppose w*y = 7*y + 1300. What is the hundreds digit of y?
2
Suppose 2*v = 2*t - 414, -605 = -17*t + 14*t - v. Let x = 429 - t. What is the hundreds digit of x?
2
Suppose 2*h + 0*u = 4*u + 4, -8 = -4*h + u. Suppose h*g - 38 + 38 = 0. Suppose g = -d - 11 + 37. What is the units digit of d?
6
Let g(h) = 107*h + 66. Let v be ((-78)/3)/(-13 - -11). What is the hundreds digit of g(v)?
4
Suppose -2460 = -13*c + 11*c. Suppose c = -12*a + 17*a. What is the tens digit of a?
4
Let g = -34341 - -39412. What is the thousands digit of g?
5
Let g(u) = u**2 + 33*u**3 - 58 - 2*u + 183 - 62 - 61. What is the tens digit of g(3)?
9
Suppose -46*m + 158152 = 105*m - 1078538. What is the tens digit of m?
9
Let h be 6*4/24*3. Let w be (6*(-134)/(-16))/(27/72). Suppose 437 = h*j + w. What is the hundreds digit of j?
1
Let c be 10 - (-2 + 0)*-2. Suppose -2*s - c = -10. What is the tens digit of (-94)/(-2) + s + -2?
4
What is the units digit of (10 + (-38148)/(-36))*6?
8
Let d = 5418 + 4050. What is the thousands digit of d?
9
Let w = -1047 - -456. What is the hundreds digit of (w/(-6) + 2)/((-29)/(-58))?
2
Let l(d) = 2*d**2 + 15*d + 350. What is the hundreds digit of l(-32)?
9
Let g(i) = 9*i**2 - 3*i + 8. Let u be 12/18 + -3*7/(-9). What is the units digit of g(u)?
0
Let w(v) = 9*v**2 + 11*v - 26. Let q be w(2). Suppose q*h - 5139 = 13613. What is the tens digit of h?
8
Let h = -236 - -262. Suppose -h*i + 18*i = -3024. What is the units digit of i?
8
Let k(z) = 818*z**2 + 18*z + 42. What is the hundreds digit of k(-2)?
2
Let u(k) = -393*k + 3069. What is the hundreds digit of u(-22)?
7
What is the hundreds digit of (-238230)/(-40) + (-6)/8?
9
What is the hundreds digit of (-289328)/(-10) + 7/10 + (-21)/42?
9
Suppose -1 = k + 12. Let q(v) = -v**3 - 15*v**2 - 22*v - 8. Let f be q(k). Let m = -50 - f. What is the units digit of m?
0
Let m = 507 - 393. What is the tens digit of (-55)/2*(-21)/105*m?
2
Suppose 34*r = -259 - 1577. Let y(a) = 28*a**2 - 2*a + 1. Let v be y(3). Let d = r + v. What is the tens digit of d?
9
Let o(i) = 8*i**2 + 62*i - 601. What is the tens digit of o(-28)?
3
Suppose 0 = 61*t - 48*t - 312. Suppose 3*i = -4*g + 2505, i + 1245 = -t*g + 26*g. What is the tens digit of g?
2
Let i(s) be the third derivative of s**6/15 - s**4/12 + s**3/6 - 17*s**2. Let p be i(1). Suppose 0 = -p*y + 5*y + 358. What is the units digit of y?
9
Suppose 4 = 2*r, 0 = -2*b - r - 3*r - 512. Let k = b - -628. Suppose -5*q + 3*h - h + k = 0, -3*q + 5*h = -236. What is the tens digit of q?
7
Suppose -3*l + 1655 = -2*p, 4*l + 5*p - 1166 - 1010 = 0. Suppose -6*d = -6213 + l. What is the tens digit of d?
4
Let l be 3/12*29 - 9/36. Suppose 0 = 13*i + l*i - 17440. What is the units digit of i?
2
Let o = 115 - 111. Suppose -218 = -2*n - 6*q + o*q, 0 = 3*q - 3. What is the tens digit of n?
0
Let l(q) = q**3 + 8*q**2 - 3*q - 20. Let a be l(-8). What is the tens digit of a/(-24)*2 - 742/(-21)?
3
Let r(d) = 388*d**2 - 4*d + 70. What is the hundreds digit of r(-4)?
2
Let d = 43 + -20. Let b = 94 - d. Let m = b + -68. What is the units digit of m?
3
Let p(a) = 360*a - 63. Let f be p(14). Let y = -3538 + f. What is the units digit of y?
9
Suppose o - 2*i - 3903 = 0, -231*o + 4*i = -228*o - 11711. What is the hundreds digit of o?
9
Let b = -926 + 2686. What is the thousands digit of b?
1
Let f be ((-2)/4 + 1)*142. Let c(l) = -8*l + 374. Let j be c(39). Let u = f - j. What is the units digit of u?
9
Let w = 15300 + -14469. What is the units digit of w?
1
Let b(q) = -q**2 + 7*q + 63. Let a = -63 - -72. Suppose 5*g - 45 = f, -4*g + a*f + 60 = 13*f. What is the tens digit of b(g)?
3
Suppose -10 = -r + 11. Let m = -163 - -193. Suppose -m = -3*c + r. What is the tens digit of c?
1
Let b(t) = t**2 - 16*t + 66. Let l be b(7). Suppose -5*d - l*p = -1028, 8*d - 13*d + 1029 = 4*p. What is the units digit of d?
5
Suppose 0 = -8355*c + 8358*c - 23472. What is the units digit of c?
4
Suppose -v = r - 0 - 3, 5*v = -5. Suppose p - r*y - 284 = 0, -7*y + 12*y + 1081 = 4*p. What is the tens digit of p?
6
Let u = -1163 - -3691. Suppose -10*q = -372 - u. Let m = 440 - q. What is the units digit of m?
0
Let s = -5804 - -8366. Let t = s + -1365. What is the thousands digit of t?
1
Let t = -299 - -354. Let s = t + -42. What is the units digit of s?
3
Suppose 18803 + 14559 = 8*t + 9130. What is the tens digit of t?
2
Suppose -2*m - 4*d + 12242 + 7596 = 0, -5*m + 49613 = d. What is the tens digit of m?
2
What is the hundreds digit of (4 + 0)/(114/8322)?
2
What is the hundreds digit of (-1 - -2) + (-24019 - 2)/(54/(-54))?
0
Suppose -2*f + 530 = -220. Let k = -131 + f. What is the hundreds digit of k?
2
Suppose 0 = -4*u + 4*v + 3008, -2*v - 40 = -30. What is the hundreds digit of u?
7
Let h be 5/2 + 11/(-22). Suppose h*c - 2*w - 138 = 120, 0 = -c - 4*w + 114. Let d = c - 58. What is the tens digit of d?
6
Suppose -4*p = -x + 18627 + 5604, 5*x - 121022 = p. What is the hundreds digit of x?
2
Suppose f = -2*f + 123. Let i = 46 - f. Suppose i*m - 105 - 115 = 0. What is the units digit of m?
4
Suppose -2732338 = -2450*n + 2401*n. What is the tens digit of n?
6
Let o(j) = -5*j**3 + 37*j**2 + 19*j - 84. Let c(k) = -3*k**3 + 19*k**2 + 10*k - 43. Let r(i) = 7*c(i) - 4*o(i). What is the tens digit of r(-16)?
8
Let r(h) be the third derivative of h**6/15 - h**5/30 + 5*h**4/24 - 5*h**3/6 + 55*h**2. What is the hundreds digit of r(3)?
2
Let l = 30014 + -16992. What is the hundreds d